 of 13397?
3
What is the hundreds digit of 6262?
2
What is the thousands digit of 61875?
1
What is the thousands digit of 16492?
6
What is the tens digit of 501?
0
What is the units digit of 22453?
3
What is the tens digit of 362?
6
What is the units digit of 21744?
4
What is the units digit of 902?
2
What is the tens digit of 6068?
6
What is the hundreds digit of 33611?
6
What is the units digit of 6910?
0
What is the tens digit of 26548?
4
What is the tens digit of 1084?
8
What is the units digit of 1814?
4
What is the units digit of 368?
8
What is the hundreds digit of 143?
1
What is the thousands digit of 1444?
1
What is the tens digit of 3065?
6
What is the ten thousands digit of 16135?
1
What is the thousands digit of 22435?
2
What is the hundreds digit of 1770?
7
What is the hundreds digit of 2693?
6
What is the thousands digit of 8127?
8
What is the units digit of 8838?
8
What is the units digit of 1322?
2
What is the tens digit of 30011?
1
What is the units digit of 29?
9
What is the hundred thousands digit of 146763?
1
What is the tens digit of 763?
6
What is the units digit of 18855?
5
What is the tens digit of 923?
2
What is the thousands digit of 5570?
5
What is the tens digit of 3313?
1
What is the tens digit of 8714?
1
What is the thousands digit of 27528?
7
What is the thousands digit of 9934?
9
What is the units digit of 367?
7
What is the hundreds digit of 12529?
5
What is the hundreds digit of 49951?
9
What is the hundreds digit of 49978?
9
What is the thousands digit of 77030?
7
What is the units digit of 13153?
3
What is the hundreds digit of 1324?
3
What is the units digit of 28811?
1
What is the tens digit of 1750?
5
What is the tens digit of 101984?
8
What is the hundreds digit of 3675?
6
What is the hundreds digit of 1256?
2
What is the hundreds digit of 894?
8
What is the units digit of 4573?
3
What is the thousands digit of 1826?
1
What is the units digit of 4676?
6
What is the tens digit of 39955?
5
What is the tens digit of 1487?
8
What is the units digit of 590?
0
What is the hundreds digit of 1050?
0
What is the ten thousands digit of 16429?
1
What is the ten thousands digit of 156163?
5
What is the units digit of 583?
3
What is the tens digit of 6649?
4
What is the tens digit of 12100?
0
What is the hundreds digit of 343?
3
What is the units digit of 153838?
8
What is the tens digit of 92838?
3
What is the units digit of 5?
5
What is the tens digit of 51137?
3
What is the ten thousands digit of 32525?
3
What is the hundreds digit of 478?
4
What is the tens digit of 862?
6
What is the hundreds digit of 47589?
5
What is the units digit of 5691?
1
What is the ten thousands digit of 30320?
3
What is the tens digit of 14343?
4
What is the hundreds digit of 17109?
1
What is the tens digit of 1332?
3
What is the thousands digit of 12401?
2
What is the units digit of 508?
8
What is the hundreds digit of 17743?
7
What is the hundreds digit of 17115?
1
What is the hundreds digit of 541?
5
What is the hundreds digit of 50509?
5
What is the hundreds digit of 6781?
7
What is the tens digit of 220?
2
What is the hundreds digit of 1332?
3
What is the thousands digit of 8282?
8
What is the units digit of 1065?
5
What is the hundreds digit of 271?
2
What is the thousands digit of 3860?
3
What is the tens digit of 393?
9
What is the tens digit of 23288?
8
What is the tens digit of 3144?
4
What is the ten thousands digit of 13880?
1
What is the hundreds digit of 23669?
6
What is the tens digit of 3495?
9
What is the units digit of 674?
4
What is the hundreds digit of 7272?
2
What is the thousands digit of 50874?
0
What is the hundreds digit of 3722?
7
What is the hundreds digit of 285?
2
What is the tens digit of 8501?
0
What is the hundreds digit of 12949?
9
What is the tens digit of 1671?
7
What is the tens digit of 30574?
7
What is the tens digit of 24937?
3
What is the thousands digit of 28725?
8
What is the ten thousands digit of 61477?
6
What is the tens digit of 4233?
3
What is the tens digit of 6591?
9
What is the units digit of 774?
4
What is the tens digit of 1680?
8
What is the units digit of 657?
7
What is the tens digit of 7056?
5
What is the hundreds digit of 1953?
9
What is the tens digit of 1517?
1
What is the ten thousands digit of 16159?
1
What is the hundreds digit of 1813?
8
What is the hundreds digit of 1745?
7
What is the tens digit of 5246?
4
What is the units digit of 2501?
1
What is the thousands digit of 12388?
2
What is the hundreds digit of 963?
9
What is the units digit of 328?
8
What is the units digit of 1875?
5
What is the tens digit of 7877?
7
What is the thousands digit of 8807?
8
What is the units digit of 12525?
5
What is the ten thousands digit of 55136?
5
What is the tens digit of 12053?
5
What is the tens digit of 117140?
4
What is the thousands digit of 5737?
5
What is the ten thousands digit of 25351?
2
What is the thousands digit of 3670?
3
What is the units digit of 2910?
0
What is the tens digit of 302?
0
What is the hundreds digit of 644?
6
What is the hundreds digit of 8105?
1
What is the units digit of 42605?
5
What is the units digit of 44213?
3
What is the units digit of 2590?
0
What is the tens digit of 645?
4
What is the tens digit of 15902?
0
What is the hundreds digit of 3065?
0
What is the units digit of 900?
0
What is the ten thousands digit of 13817?
1
What is the hundreds digit of 2732?
7
What is the tens digit of 925?
2
What is the hundreds digit of 5307?
3
What is the tens digit of 46936?
3
What is the tens digit of 4060?
6
What is the hundreds digit of 993?
9
What is the tens digit of 119?
1
What is the tens digit of 1899?
9
What is the ten thousands digit of 108622?
0
What is the hundreds digit of 1163?
1
What is the ten thousands digit of 19064?
1
What is the hundreds digit of 920?
9
What is the tens digit of 2661?
6
What is the tens digit of 5301?
0
What is the ten thousands digit of 19870?
1
What is the tens digit of 1976?
7
What is the thousands digit of 1337?
1
What is the units digit of 8329?
9
What is the hundreds digit of 5929?
9
What is the units digit of 3029?
9
What is the hundreds digit of 5813?
8
What is the hundreds digit of 10272?
2
What is the hundreds digit of 779?
7
What is the units digit of 510?
0
What is the units digit of 299?
9
What is the ten thousands digit of 16349?
1
What is the thousands digit of 7679?
7
What is the thousands digit of 1614?
1
What is the thousands digit of 10880?
0
What is the units digit of 3845?
5
What is the tens digit of 3483?
8
What is the thousands digit of 6877?
6
What is the hundreds digit of 862?
8
What is the hundreds digit of 2544?
5
What is the tens digit of 820?
2
What is the ten thousands digit of 76265?
7
What is the units digit of 17788?
8
What is the hundreds digit of 1570?
5
What is the tens digit of 93907?
0
What is the ten thousands digit of 34791?
3
What is the tens digit of 10347?
4
What is the tens digit of 3172?
7
What is the hundreds digit of 322?
3
What is the tens digit of 892?
9
What is the hundreds digit of 16746?
7
What is the tens digit of 54?
5
What is the hundreds digit of 496?
4
What is the thousands digit of 4345?
4
What is the hundreds digit of 383?
3
What is the hundreds digit of 30825?
8
What is the units digit of 6287?
7
What is the units digit of 6171?
1
What is the hundreds digit of 26774?
7
What is the tens digit of 6725?
2
What is the tens digit of 18?
1
What is the thousands digit of 136098?
6
What is the thousands digit of 16646?
6
What is the units digit of 358?
8
What is the tens digit of 10687?
8
What is the tens digit of 486?
8
What is the units digit of 60811?
1
What is the thousands digit of 2916?
2
What is the tens digit of 3255?
5
What is the tens digit of 41894?
9
What is the thousands digit of 5938?
5
What is the tens digit of 4450?
5
What is the hundreds digit of 36415?
4
What is the tens digit of 1608?
0
What is the hundreds digit of 7356?
3
What is the thousands digit of 8240?
8
What is the hundreds digit of 152884?
8
What is the hundreds digit of 464?
4
What is the hundreds digit of 2023?
0
What is the ten thousands digit of 83497?
8
What is the units digit of 71409?
9
What is the hundreds digit of 7582?
5
What is the thousands digit of 1401?
1
What is the ten tho